{"id":88,"date":"2015-11-28T13:10:13","date_gmt":"2015-11-28T13:10:13","guid":{"rendered":"http:\/\/elektro-abz.de\/?page_id=88"},"modified":"2015-12-01T09:56:22","modified_gmt":"2015-12-01T09:56:22","slug":"sicherheitstechnik","status":"publish","type":"page","link":"https:\/\/elektro-abz.de\/?page_id=88","title":{"rendered":"Sicherheitstechnik"},"content":{"rendered":"<p><img loading=\"lazy\" decoding=\"async\" class=\"alignright wp-image-117 \" src=\"https:\/\/elektro-abz.de\/wp-content\/uploads\/2015\/11\/p_g_rm_pw-300x180.jpg\" alt=\"p_g_rm_pw\" width=\"183\" height=\"136\" \/><\/p>\n<ul>\n<li>Rauchmelder\/\u00dcberspannungsschutz<\/li>\n<li>Sicherheitsbeleuchtung und Fluchtwegkennzeichnung<\/li>\n<li>Brandschutzma\u00dfnahmen f\u00fcr Elektroinstallation<\/li>\n<li>Weiteres auf Anfrage<\/li>\n<\/ul>\n<p>&nbsp;<\/p>\n","protected":false},"excerpt":{"rendered":"<p>Rauchmelder\/\u00dcberspannungsschutz Sicherheitsbeleuchtung und Fluchtwegkennzeichnung Brandschutzma\u00dfnahmen f\u00fcr Elektroinstallation Weiteres auf Anfrage &nbsp;<\/p>\n","protected":false},"author":1,"featured_media":0,"parent":0,"menu_order":0,"comment_status":"closed","ping_status":"closed","template":"","meta":{"footnotes":""},"_links":{"self":[{"href":"https:\/\/elektro-abz.de\/index.php?rest_route=\/wp\/v2\/pages\/88"}],"collection":[{"href":"https:\/\/elektro-abz.de\/index.php?rest_route=\/wp\/v2\/pages"}],"about":[{"href":"https:\/\/elektro-abz.de\/index.php?rest_route=\/wp\/v2\/types\/page"}],"author":[{"embeddable":true,"href":"https:\/\/elektro-abz.de\/index.php?rest_route=\/wp\/v2\/users\/1"}],"replies":[{"embeddable":true,"href":"https:\/\/elektro-abz.de\/index.php?rest_route=%2Fwp%2Fv2%2Fcomments&post=88"}],"version-history":[{"count":0,"href":"https:\/\/elektro-abz.de\/index.php?rest_route=\/wp\/v2\/pages\/88\/revisions"}],"wp:attachment":[{"href":"https:\/\/elektro-abz.de\/index.php?rest_route=%2Fwp%2Fv2%2Fmedia&parent=88"}],"curies":[{"name":"wp","href":"https:\/\/api.w.org\/{rel}","templated":true}]}}